{"id":18,"date":"2023-08-23T08:53:06","date_gmt":"2023-08-23T06:53:06","guid":{"rendered":"https:\/\/englishwithpaulhoward.eu\/?page_id=18"},"modified":"2023-08-23T08:53:06","modified_gmt":"2023-08-23T06:53:06","slug":"brouillon-daccord-pour-un-particulier","status":"publish","type":"page","link":"https:\/\/englishwithpaulhoward.eu\/index.php\/brouillon-daccord-pour-un-particulier\/","title":{"rendered":"Brouillon d&#8217;accord pour un particulier"},"content":{"rendered":"\n<p>BROUILLON D&#8217;ACCORD POUR L&#8217;APPRENTISSAGE<\/p>\n\n\n\n<p>Le texte qui suit est le base de mes accords d&#8217;apprentissage avec des particuliers.<\/p>\n\n\n\n<p>Nous avons convenu les choses suivantes pour que je (Paul Howard) puisse vous () aider \u00e0 apprendre l\u2019anglais :-<\/p>\n\n\n\n<p>Nous allons tous les deux<\/p>\n\n\n\n<p>1.travailler ensemble pour que vous puissiez r\u00e9aliser ce que vous voulez, qui est &#8230;&#8230;&#8230;&#8230;&#8230;&#8230;.<br>2.nous rencontrer \u00e0 ces heures pour des sessions d&#8217;enseignement &#8230;&#8230;&#8230;.. Chaque session d&#8217;enseignement durera &#8230;&#8230;&#8230;&#8230;. minutes<br>3.donner un pr\u00e9avis aussi vite que possible si nous avons besoin de changer ou d&#8217;annuler un rendez-vous<br>4.maintenir la confidentialit\u00e9 et la protection des donn\u00e9es (p. ex., ne pas partager les enregistrements de s\u00e9ances ou les donn\u00e9es personnelles sans consentement \u00e9crit), sauf lorsque la divulgation est exig\u00e9e par la loi (p. ex., les noms et adresses de mes factures pourraient \u00eatre v\u00e9rifi\u00e9s pendant une v\u00e9rification fiscale)<\/p>\n\n\n\n<p>Moi, Paul Howard je vais<\/p>\n\n\n\n<p>1.me pr\u00e9parer professionnellement pour chaque session d&#8217;enseignement<\/p>\n\n\n\n<p>2.viser \u00e0 cr\u00e9er des conditions o\u00f9 vous pourriez apprendre aussi facilement que possible<\/p>\n\n\n\n<p>3.vous donner des commentaires constructifs sur votre performance, pour vous permettre de<\/p>\n\n\n\n<ul class=\"wp-block-list\">\n<li>voir les lacunes dans votre ma\u00eetrise de la langue<\/li>\n\n\n\n<li>savoir comment vous pourriez combler ces lacunes<\/li>\n\n\n\n<li>enregistrer et c\u00e9l\u00e9brer vos succ\u00e8s<\/li>\n<\/ul>\n\n\n\n<p>Vous allez<\/p>\n\n\n\n<p>1.faire les devoirs pour chaque s\u00e9ance d&#8217;enseignement<\/p>\n\n\n\n<p>2.concentrer vos efforts sur l&#8217;apprentissage pendant les s\u00e9ances<\/p>\n\n\n\n<p>3.payer __euros par session d&#8217;enseignement<\/p>\n\n\n\n<p>4.faire un apprentissage auto-dirig\u00e9 suppl\u00e9mentaire pour \u00e9largir votre capacit\u00e9, s\u2019il y en a besoin pour atteindre vos buts.<\/p>\n\n\n\n<p>5.me donner des commentaires constructifs sur mon enseignement, pour me permettre de<\/p>\n\n\n\n<ul class=\"wp-block-list\">\n<li>continuer \u00e0 faire ce qui est utile<\/li>\n\n\n\n<li>changer les choses que je fais qui ne sont pas utiles et peuvent \u00eatre chang\u00e9s<\/li>\n\n\n\n<li>enregistrer et c\u00e9l\u00e9brer vos succ\u00e8s<\/li>\n<\/ul>\n\n\n\n<p><em>Si vous me contactez parce que vous souhaitez apprendre une langue avec moi, je commencerai \u00e0 stocker les informations personnelles que vous choisissez de me donner, telles que les coordonn\u00e9es afin que je puisse vous envoyer les informations que vous avez demand\u00e9es.<\/em><\/p>\n\n\n\n<p><em>Si vous d\u00e9cidez d&#8217;apprendre une langue avec moi, il est fort probable que vous souhaitiez apprendre \u00e0 parler de vos int\u00e9r\u00eats, de votre vie personnelle et de votre vie professionnelle dans la langue que vous apprenez. La confidentialit\u00e9 sera un \u00e9l\u00e9ment essentiel de notre contrat d&#8217;apprentissage.<\/em><\/p>\n","protected":false},"excerpt":{"rendered":"<p>BROUILLON D&#8217;ACCORD POUR L&#8217;APPRENTISSAGE Le texte qui suit est le base de mes accords d&#8217;apprentissage avec des particuliers. Nous avons convenu les choses suivantes pour que je (Paul Howard) puisse vous () aider \u00e0 apprendre l\u2019anglais :- Nous allons tous les deux 1.travailler ensemble pour que vous puissiez r\u00e9aliser ce que vous voulez, qui est [&hellip;]<\/p>\n","protected":false},"author":1,"featured_media":0,"parent":0,"menu_order":0,"comment_status":"closed","ping_status":"closed","template":"","meta":{"footnotes":""},"class_list":["post-18","page","type-page","status-publish","hentry"],"_links":{"self":[{"href":"https:\/\/englishwithpaulhoward.eu\/index.php\/wp-json\/wp\/v2\/pages\/18","targetHints":{"allow":["GET"]}}],"collection":[{"href":"https:\/\/englishwithpaulhoward.eu\/index.php\/wp-json\/wp\/v2\/pages"}],"about":[{"href":"https:\/\/englishwithpaulhoward.eu\/index.php\/wp-json\/wp\/v2\/types\/page"}],"author":[{"embeddable":true,"href":"https:\/\/englishwithpaulhoward.eu\/index.php\/wp-json\/wp\/v2\/users\/1"}],"replies":[{"embeddable":true,"href":"https:\/\/englishwithpaulhoward.eu\/index.php\/wp-json\/wp\/v2\/comments?post=18"}],"version-history":[{"count":1,"href":"https:\/\/englishwithpaulhoward.eu\/index.php\/wp-json\/wp\/v2\/pages\/18\/revisions"}],"predecessor-version":[{"id":19,"href":"https:\/\/englishwithpaulhoward.eu\/index.php\/wp-json\/wp\/v2\/pages\/18\/revisions\/19"}],"wp:attachment":[{"href":"https:\/\/englishwithpaulhoward.eu\/index.php\/wp-json\/wp\/v2\/media?parent=18"}],"curies":[{"name":"wp","href":"https:\/\/api.w.org\/{rel}","templated":true}]}}